t common factor of b and 96.
32
Let o be 4*(33/2 + 1). Let v be (5/1 - (-46 - -50)) + 9. Calculate the highest common divisor of v and o.
10
Suppose 31*k - 57*k = -2106. What is the greatest common divisor of k and 108?
27
Suppose -2*z - 34 = 48. Let q = z - -22. Let i be -5*(-5 + 2 + q). Calculate the greatest common divisor of 22 and i.
22
Suppose 6*m = -2*m + 1560. What is the highest common divisor of 650 and m?
65
Suppose 23*s + 15*s = 494. Suppose -4*j + 535 = -3*j. Suppose -n + 2*r + 110 = 0, -4*r = -5*n + r + j. What is the highest common divisor of n and s?
13
Let k(b) be the third derivative of 5*b**5/2 - b**4/8 - b**3/6 + 14*b**2. Let z be k(-1). What is the highest common divisor of z and 19?
19
Suppose 4*m - 4*d - 165 = -5, 4*m - 3*d = 152. Suppose 4*q + 6 = -3*s - 0*q, 2*s = 4*q + 16. What is the highest common factor of m and s?
2
Let l(b) = -b**3 + 9*b**2 - 12*b - 10. Let v be l(6). Let w = v - 16. Calculate the highest common divisor of w and 30.
10
Suppose -4*h = 4*q - 72, 3*h = -q + 72 - 14. Calculate the greatest common factor of h and 5.
5
Suppose 80 = 138*b - 133*b. Let k(v) = 5*v + v**2 - 2 + 2*v - 2*v**2. Let i be k(5). Calculate the greatest common factor of b and i.
8
Suppose -5*m + 55 = 5. Suppose 5 = -3*f - 5*r - 3, -20 = -2*f + 3*r. What is the highest common factor of m and f?
2
Suppose -90 = -3*m - 3*z, 5*m + z - 216 + 50 = 0. Let y(i) = -i. Let d be y(-1). Let t be ((-3)/(6/(-34)))/d. Calculate the greatest common factor of m and t.
17
Suppose 4*u - 82 - 26 = 0. Let y(f) = -5*f - 46. Suppose -12*i - 110 = -2*i. Let c be y(i). Calculate the highest common factor of u and c.
9
Let j(o) = o**2 - 12*o + 16. Let a be j(11). Suppose a*l - 2*w = 215, 2*l - 97 = -0*l + 3*w. What is the highest common factor of l and 287?
41
Let z = 8 + -3. Let c be 6 + 54*1/2. Let s = z + c. What is the highest common divisor of s and 95?
19
Let r(o) = o - 3. Let d be r(5). Suppose 0 = -0*m + 3*m + g + 88, -d*g - 26 = m. Let h = -6 - m. What is the highest common divisor of 168 and h?
24
Let a(z) = -z**3 - 11*z**2 - 2*z - 7. Let d be a(-11). Let q be 836/28 + (-24)/28 + 1. What is the greatest common divisor of d and q?
15
Suppose -4*p - 110 + 462 = 0. What is the greatest common divisor of 209 and p?
11
Let s = 16 - 9. Suppose 2 + 5 = 7*c. Suppose 0 = -j + c + 55. What is the highest common divisor of s and j?
7
Let m be 11/((-22)/18) + 35. Let b = 307 + -203. What is the greatest common factor of m and b?
26
Suppose -2*g + 26 = 4*v, -4*g + 9*g = v + 87. Let a = 57 + -40. What is the greatest common divisor of g and a?
17
Let l(k) = -2*k**2 + k**2 + 8 - 14*k + 9 - 3. Let o be l(-14). Suppose 8*p - 3*p = -3*t + 482, -4*t + 620 = p. Calculate the highest common factor of o and t.
14
Let x(z) = 22*z - 68. Let v be x(4). What is the greatest common divisor of v and 25?
5
Let c be -32 + 25 - (-26 + 0). What is the highest common factor of 57 and c?
19
Let o(v) = -3*v**3 - 7*v**2 - 2. Let n be o(-5). Let d be 730/(-25) - (-1)/5. Let j = -11 - d. What is the highest common divisor of j and n?
18
Suppose 0 = -4*f + 9 + 7. What is the greatest common divisor of f and 120?
4
Suppose 0 = -f - 3*c + 720, 5*f + 5*c - 2824 = 806. Calculate the greatest common factor of 81 and f.
81
Suppose -2*z + 13 = -23. Suppose -8*g + 5*g + z = 0. Calculate the greatest common factor of g and 6.
6
Suppose 0 = -3*q - 15, -6*m + 4*m + 57 = -q. Let z(h) = h**2 + 7*h + 57. Let d be z(-8). Calculate the greatest common factor of d and m.
13
Suppose -4*m = 5*a + 7, m - 6*a - 14 = -2*a. Suppose -4*y = -46 - m. What is the highest common divisor of y and 4?
4
Suppose 5*j + 5*n = 1 - 11, j - 16 = 5*n. Calculate the greatest common factor of 155 and j.
1
Let z be 4/((-8)/15)*208/(-6). Calculate the highest common divisor of 80 and z.
20
Let z be (0 - 3) + 139 + -6. Calculate the greatest common factor of z and 50.
10
Let f be 3*-54*(-16)/32. What is the highest common factor of 216 and f?
27
Let o(j) = 5*j**2 + 5*j + 13. Let f be o(-5). Let a = -107 + f. Suppose 0 = 2*b - 3 - 9. Calculate the greatest common factor of a and b.
6
Let f be -1 + 10/14 + (-52302)/(-483). What is the highest common factor of f and 189?
27
Let a(w) = -2*w**2 + 10*w + 10. Let z be a(4). What is the highest common divisor of z and 90?
18
Let v = 48 - 106. Let b = -28 - v. Calculate the highest common factor of b and 30.
30
Let i = -15 + 15. Suppose i*x - 76 = -4*x. Suppose 3*y - 11 = x. Calculate the highest common factor of 5 and y.
5
Suppose -35 - 31 = -3*b - 3*q, -2*q + 67 = 3*b. What is the highest common factor of b and 736?
23
Suppose -2*n - 3*n = 3*h - 79, -5*h + 3*n + 143 = 0. Calculate the greatest common factor of h and 378.
14
Suppose 3*f + 3*r - 162 - 141 = 0, 4 = 4*r. Let n be (f - (1 - 0)) + 0/(-4). What is the highest common factor of 11 and n?
11
Suppose 2*b - 1083 = -5*d, 2*d = 14*b - 15*b + 434. Calculate the greatest common factor of 43 and d.
43
Suppose -7*b + 400 = b. Suppose -6*s - b = -158. Calculate the highest common divisor of 126 and s.
18
Let t = -87 - -107. Calculate the greatest common factor of 16 and t.
4
Let s(r) = 8*r**3 - 2*r**2 + 8*r**3 - 2 + 2*r + 1. Let c be s(1). Calculate the highest common divisor of c and 60.
15
Let m(a) = -106*a + 320. Let g be m(2). What is the greatest common divisor of g and 36?
36
Suppose -3*p - 343 = -2*k, 5*k = 3*p + 930 - 59. Suppose -4*g + k = -2*g. Calculate the highest common divisor of 11 and g.
11
Suppose -644 = -9*u + 1201. Calculate the greatest common factor of 123 and u.
41
Let a be 53/(3 - 32/12). Suppose a = 7*n + 54. Let i be 1196/10 - 4/(-10). Calculate the highest common divisor of i and n.
15
Suppose i = -3*d + 1188, 0 = 3*i + 2*i. Let k(c) = 8*c**2 + 3*c - 2. Let s be k(2). What is the greatest common divisor of d and s?
36
Let z be -1*96*(-6 - -4). Calculate the greatest common factor of 16 and z.
16
Suppose 36*n = -4*n + 6480. Calculate the greatest common factor of n and 18.
18
Let a(b) = b + 21. Let o be a(-16). Suppose x - d - 110 = -2*x, 170 = o*x + 5*d. What is the highest common factor of x and 84?
12
Suppose -6 = -4*n + 3*g - g, g - 18 = -5*n. Suppose k + 2*k + n = 0. Let c be 109 + (k + -3)/4. What is the greatest common factor of 12 and c?
12
Let b = 241 - 229. What is the highest common divisor of b and 204?
12
Let l(p) = 20*p + 7. Let x be l(-2). Let c = 45 + x. What is the highest common factor of c and 108?
12
Let t = 248 + -95. Calculate the greatest common divisor of t and 117.
9
Let q = 205 + -95. Calculate the highest common factor of 100 and q.
10
Let x(j) be the first derivative of 2*j**3/3 - 3*j**2/2 - 16*j + 24. Let b be x(-4). What is the highest common factor of 196 and b?
28
Suppose -3*x - 9 = -5*x + 5*h, -3*h = -x + 5. Let y = x + -2. Suppose y = n + 2*n - 54. What is the greatest common factor of 90 and n?
18
Let m = -641 + 647. Calculate the greatest common divisor of 18 and m.
6
Suppose 11*c + d = 12*c - 18, 5*c - 108 = -4*d. Calculate the highest common factor of c and 12.
4
Let i be 54/3 - (2 - 2). Let y(h) = -h**3 - 5*h + 4*h**2 + 3*h**2 - 3 + 3*h. Let w be y(3). What is the greatest common divisor of w and i?
9
Let j = -109 - -151. Suppose -6*z + z + 140 = 0. What is the highest common factor of j and z?
14
Suppose -2*a + 12 = -4. Let d be (-103 - 5)/(-2)*(-16)/(-12). What is the greatest common factor of a and d?
8
Let f be 15/6*(-6)/(-5). Let b = 220 - 139. What is the greatest common divisor of b and f?
3
Let m(f) = -f**3 - 5*f**2 - 3*f + 20. Let x be m(-4). Calculate the greatest common factor of 6 and x.
2
Let g = 1309 - 934. Calculate the greatest common divisor of 15 and g.
15
Suppose -4*c + 4*f = -128, -3*c = 2*f - f - 112. Calculate the highest common divisor of c and 189.
9
Let j be 2 - -1 - (-1 + -13). Let m = 1632 - 1615. What is the highest common factor of j and m?
17
Suppose 0 = -4*j - 61 - 731. Let s be (-28)/42*j/4. Calculate the greatest common factor of 165 and s.
33
Suppose -582 - 698 = -2*q. Suppose -420 = -2*k - h - 3*h, -3*k + q = 4*h. What is the greatest common divisor of 20 and k?
20
Suppose q + 4 - 6 = 0. Suppose q*g + y - 99 = 0, y + 2*y = -4*g + 201. Calculate the highest common factor of g and 32.
16
Let b(i) = -5*i - 3. Let q be b(-4). Calculate t